posite?
True
Is 539993 prime?
True
Is 26892611 prime?
True
Is 7825143 a composite number?
True
Is 2419159 a composite number?
False
Is 39279677 composite?
False
Is 66836563 a prime number?
True
Is 3906373 a prime number?
True
Is 961769 prime?
True
Is 4152959 a composite number?
False
Is 2461699 prime?
False
Is 14324407 a prime number?
False
Is 2040917 composite?
False
Is 39244607 a prime number?
True
Is 848051 prime?
True
Is 1193347 composite?
True
Is 166723111 composite?
False
Is 17738771 a prime number?
True
Is 17155279 a prime number?
False
Is 10003883 a prime number?
False
Is 5406083 composite?
False
Is 260788291 composite?
False
Is 4425071 prime?
False
Is 8075629 prime?
False
Is 18775661 a prime number?
True
Is 103832893 a composite number?
False
Is 2510078 a prime number?
False
Is 33365327 prime?
False
Is 21963103 composite?
False
Is 45889271 prime?
True
Is 114001141 a composite number?
False
Is 396168071 prime?
False
Is 609521 prime?
False
Is 95527277 a prime number?
False
Is 12262883 prime?
True
Is 88721 prime?
True
Is 2832149 a prime number?
False
Is 72375773 composite?
False
Is 22613159 a prime number?
True
Is 8392151 prime?
False
Is 16208359 a prime number?
True
Is 1738631 composite?
True
Is 20582027 composite?
True
Is 4259641 composite?
False
Is 2575834 composite?
True
Is 8719 composite?
False
Is 1300727 composite?
False
Is 207404853 a composite number?
True
Is 376841 a composite number?
False
Is 1280749 composite?
True
Is 6894619 a prime number?
True
Is 617385539 prime?
False
Is 2079133 prime?
False
Is 504682 prime?
False
Is 8514371 a prime number?
False
Is 212222597 prime?
True
Is 112533037 composite?
False
Is 133934369 a prime number?
True
Is 53356307 prime?
True
Is 7093889 a prime number?
False
Is 82334635 composite?
True
Is 59950889 prime?
False
Is 27037389 prime?
False
Is 41409157 composite?
False
Is 711009643 prime?
True
Is 71023 composite?
False
Is 180811 prime?
True
Is 11228761 a prime number?
False
Is 4177857 composite?
True
Is 35796973 prime?
True
Is 2648123 composite?
False
Is 28449277 a prime number?
True
Is 12737422 composite?
True
Is 221137673 a composite number?
True
Is 713433515 prime?
False
Is 1479342801 prime?
False
Is 25869607 a prime number?
False
Is 47215633 a composite number?
True
Is 234401 a prime number?
False
Is 104032601 a prime number?
True
Is 119414 a prime number?
False
Is 26241518 composite?
True
Is 1069291 a prime number?
True
Is 11522053 a prime number?
True
Is 540790339 prime?
True
Is 663697939 composite?
True
Is 1662257 a prime number?
True
Is 16941659 prime?
False
Is 19178331 composite?
True
Is 1857859 composite?
False
Is 466603 composite?
False
Is 3234679 composite?
True
Is 6879313 prime?
False
Is 1443613 prime?
True
Is 159156779 a composite number?
False
Is 49809499 prime?
True
Is 10940033 prime?
False
Is 25609601 a prime number?
False
Is 4681973 a composite number?
False
Is 438018377 prime?
True
Is 34249 a composite number?
True
Is 435749 composite?
True
Is 172166933 prime?
True
Is 2038471 a prime number?
False
Is 653514311 prime?
True
Is 27757463 a composite number?
False
Is 2850037 composite?
False
Is 46755043 prime?
False
Is 17957419 composite?
True
Is 103217621 a prime number?
False
Is 2272997 prime?
True
Is 99001327 a prime number?
True
Is 372822691 a composite number?
True
Is 711081451 a composite number?
False
Is 36904799 a composite number?
True
Is 47903 composite?
False
Is 40409351 a prime number?
True
Is 3218069 prime?
True
Is 101169305 a composite number?
True
Is 542916419 a composite number?
False
Is 21570317 prime?
True
Is 3439091 a prime number?
True
Is 14501989 a composite number?
False
Is 8003339 a composite number?
True
Is 142439147 a prime number?
True
Is 5355241 prime?
False
Is 20752583 a composite number?
False
Is 54794101 a composite number?
True
Is 23086039 a prime number?
False
Is 82994567 composite?
False
Is 97919 prime?
True
Is 459167 composite?
False
Is 7193509 composite?
False
Is 38233007 composite?
False
Is 293579663 composite?
True
Is 3309361 composite?
True
Is 91071143 a prime number?
True
Is 261127 a composite number?
False
Is 1557439271 composite?
False
Is 46458611 composite?
False
Is 120304001 composite?
False
Is 3467621 a composite number?
False
Is 716623 composite?
True
Is 1871621 composite?
False
Is 7675201 prime?
False
Is 1090303 prime?
True
Is 1390517 a prime number?
True
Is 114341961 a composite number?
True
Is 723529 a composite number?
False
Is 28975931 a composite number?
True
Is 1612271 a composite number?
False
Is 9829639 a prime number?
True
Is 2268893 composite?
True
Is 47546537 prime?
False
Is 2620019 composite?
False
Is 7561319 prime?
False
Is 13534811 a prime number?
True
Is 2458193 composite?
True
Is 18899809 a composite number?
True
Is 84540077 composite?
True
Is 59981507 a prime number?
True
Is 58672049 a prime number?
False
Is 8437669 a composite number?
False
Is 142245679 a composite number?
True
Is 4476883 a composite number?
False
Is 5913259 composite?
True
Is 12738959 a composite number?
False
Is 22722293 a prime number?
False
Is 598554911 a composite number?
True
Is 19602811 a composite number?
True
Is 4441033 composite?
False
Is 56778797 a composite number?
False
Is 17295583 composite?
True
Is 5000119 composite?
True
Is 43402 a composite number?
True
Is 294337 a prime number?
True
Is 49684001 prime?
True
Is 4544411 a composite number?
False
Is 3130733 prime?
True
Is 20990707 prime?
True
Is 114371 a composite number?
False
Is 15642031 a composite number?
False
Is 6084697 a composite number?
True
Is 2513461 prime?
True
Is 27336941 a composite number?
True
Is 8115293 prime?
True
Is 3312563 a prime number?
True
Is 19184293 composite?
True
Is 10155731 prime?
True
Is 1266553 a prime number?
False
Is 7259071 prime?
False
Is 32315953 a composite number?
False
Is 1011209123 a prime number?
False
Is 13038743 a prime number?
True
Is 16052749 a composite number?
False
Is 10001203 a composite number?
False
Is 452470207 prime?
False
Is 11685383 prime?
True
Is 29360147 prime?
True
Is 2187026587 a composite number?
False
Is 7284757 composite?
True
Is 142019 composite?
False
Is 638921 prime?
False
Is 4623727 a prime number?
False
Is 158117951 prime?
True
Is 21928121 a composite number?
False
Is 108110449 composite?
False
Is 82591 composite?
False
Is 26887297 a composite number?
True
Is 1113005 a composite number?
True
Is 6516193 composite?
True
Is 11047579 composite?
True
Is 1632947 a prime number?
False
Is 73460089 a prime number?
False
Is 127636687 a prime number?
False
Is 6416567 prime?
True
Is 9670777 composite?
True
Is 46799797 a composite number?
True
Is 23820367 prime?
True
Is 22469819 a prime number?
True
Is 1091819 prime?
False
Is 484657 prime?
False
Is 36246811 a composite number?
True
Is 1206470041 a composite number?
True
Is 26350937 composite?
True
Is 2189149 a prime number?
False
Is 25529629 a prime number?
False
Is 474913717 a prime number?
False
Is 18692329 prime?
True
Is 33793763 a composite number?
True
Is 233335811 composite?
True
Is 4550471 composite?
True
Is 168079463 prime?
True
Is 6080267 a composite number?
False
Is 80965343 composite?
False
Is 33408971 composite?
False
Is 2226803 prime?
False
Is 565853 a prime number?
False
Is 75692891 a prime number?
False
Is 15634183 composite?
True
Is 1344211 a composite number?
True
Is 186857 a composite number?
True
Is 5619563 composite?
True
Is 197951797 a prime number?
True
Is 13622893 a composite number?
True
Is 2878093 prime?
True
Is 226871 prime?
True
Is 12837463 prime?
True
Is 186679631 a prime number?
True
Is 2142967 prime?
True
Is 13618795 prime?
False
Is 5266121 a prime number?
False
Is 1577489 prime?
True
Is 2449691 composite?
False
Is 5389117 composite?
False
Is 1421785 a prime number?
False
Is 7979099 prime?
False
Is 19716799 composite?
False
Is 1330601 composite?
False
Is 7874323 prime?
True
Is 118849 composite?
True
Is 174059539 a prime number?
True
Is 3286013 a composite number?
False
Is 1136179 a composite number?
True
Is 4418069 composite?
False
Is 622277 prime?
True
Is 200860823 prime?
False
Is 2838349 a composite number?
True
Is 362658731 a prime number?
True
Is 19407 composite?
True
Is 233978335 a composite number?
True
Is 19584197 a prime number?
False
Is 6367128